60 = -4*g. What is the tens digit of g?
6
Suppose 5*u = -3*z + 16 + 15, 2*u - 3*z = 4. Let r(d) = 1 + 5*d + 8*d**3 - 3 - 9*d**3 + 6*d**2. What is the tens digit of r(u)?
4
Let m(v) = -v**3 + 10*v**2 - 6*v + 22. Suppose 0 = 5*d + 9 - 54. What is the units digit of m(d)?
9
Suppose 10*o = 12*o - 26. Suppose -33 = -5*k - o. What is the units digit of k?
4
Let m(s) = -46*s + 51. What is the thousands digit of m(-21)?
1
Let g(o) = 7*o**2 - 3*o - 7. Let m(w) = -w**3 + 14*w**2 - w + 11. Let b be m(14). Let v be g(b). Let s = v - 38. What is the tens digit of s?
2
Suppose 5*w + 9 = 239. What is the tens digit of w?
4
Let k = -138 + 63. Let b = -23 - k. What is the units digit of b?
2
What is the units digit of 0 + -8 - (-1359 - 42)?
3
Suppose 28*m + 43*m - 179275 = 0. What is the tens digit of m?
2
Let p be (6*1)/(12/8). Suppose 3*n - n - 4*c = 50, 3*n + p*c = 35. What is the tens digit of n?
1
Let z be (-2)/(((-2)/12)/(-1)). Let u = -56 + 73. Let m = u + z. What is the units digit of m?
5
Suppose -2*o + 40 = -6*o. What is the tens digit of (72/o)/((-4)/30)?
5
Suppose -5*y - 7 = -27. What is the units digit of (-13)/(-26) + 218/y?
5
Let o(z) = -3*z - 1. Suppose -4*m + 2*a - 17 = -7, 8 = m + 3*a. Let u be o(m). Suppose 0 = -b - u*b + 15. What is the units digit of b?
5
Let o = -47 - -104. Suppose -2*i = -43 - o. What is the tens digit of i?
5
Let j = -25 - -29. Suppose 35 = j*f - 189. What is the tens digit of f?
5
Suppose -2*y - 2*z + 4126 = 0, 0 = -2*y + 6*y - z - 8277. What is the units digit of y?
8
Let h(f) = f**2 + 15*f + 61. What is the tens digit of h(-17)?
9
Let g(y) be the third derivative of 19*y**5/30 - y**4/8 + y**3/2 - 191*y**2. Suppose 0 = 4*d + 3*h - 19, 5*h = -2*d + 13 + 14. What is the units digit of g(d)?
8
Suppose -y + 663 = 593. What is the units digit of y?
0
Suppose 528 = 6*c + 264. Let k(s) = -s + 6. Let i be k(6). Suppose i = 4*z - 40 - c. What is the units digit of z?
1
Let s(u) = 7*u**2 + 182*u - 95. What is the units digit of s(-41)?
0
Suppose -4*x = -2*z + 10, x + z - 4 = 1. Suppose x = 3*h - 24 - 9. Let l = 12 - h. What is the units digit of l?
1
Suppose 4*a - 3*g - 7 = 2*a, -6 = -5*a - 4*g. What is the units digit of (a - 1) + 17 + -9?
9
Suppose 0 = 2*w + 4, 3*a + 127 = 8*a - w. What is the units digit of 487/5 - (-15)/a?
8
Let n be (-2 - 2/(-4)) + 154/28. Suppose -n*c + 1540 = 7*c. What is the units digit of c?
0
Let m be 1 + 52/(-44) - (-114)/22. Suppose -5*t + 680 = m*c, -3*t + 5 = -1. What is the tens digit of c?
3
Let c(o) = -o. Let z be c(-3). Suppose -g = z*g - 24. Suppose 2*t = 5*t - g. What is the units digit of t?
2
Let d = 314 + -227. What is the units digit of d?
7
Suppose 2*x = -3*x + 160. Let c = 35 + -31. Suppose -f = -x - c. What is the units digit of f?
6
Let a(f) = -9*f + 10*f - f**2 + 17*f + 17. What is the units digit of a(15)?
2
Suppose 416 = k - 2*t, 3*k + 9*t - 11*t - 1260 = 0. What is the units digit of k?
2
Let o(s) be the third derivative of 7*s**5/60 - s**4/24 - s**3/6 - 4*s**2 - 4. Let p = 3 - 4. What is the units digit of o(p)?
7
Let n(t) = t**2 - 5*t + 346. What is the tens digit of n(0)?
4
Let k be 3 - ((3 - 0) + -3)/2. What is the units digit of 330/2 - (0 + k)?
2
What is the tens digit of (-3 - 7/(-2)) + (-11331)/(-6)?
8
Let k = 8 - 20. Let o = -14 - k. What is the units digit of o/4*(-11 + 5)?
3
Let y(n) = 8*n + 3. Suppose -b = -3*t + 26, -3*t + 4*b + 25 = 2*b. What is the units digit of y(t)?
5
Let a(j) = -6*j + 11. Let x be a(5). Let z = 32 + x. What is the units digit of z?
3
Suppose 0*y = 2*y. Suppose y = c + 2*c + 6, 0 = 4*n + 4*c - 172. Let w = n - 24. What is the tens digit of w?
2
Suppose -2*v = v - 168. Let c = -32 + v. What is the tens digit of c?
2
What is the tens digit of ((-22)/(-66))/(((-1)/1647)/(-1))?
4
Suppose 13*a + 860 = 8*a. Let l = 292 + a. What is the hundreds digit of l?
1
Let n be (1 - 3)/((-4)/(-10)). Let l = 79 + n. What is the tens digit of l?
7
Suppose -4*v + 8 = 0, -3*r + 1049 = -4*v - 263. What is the units digit of r?
0
Let q = 9 + -9. Let k be q - (2 + -4)/1. Suppose -3*d + 65 = k*d. What is the units digit of d?
3
Let b = -8 - -11. Let y(c) = 3*c**3 - 3*c**2 - 12*c - 10. Let r(x) = -x**3 + x**2 + 4*x + 3. Let z(a) = -7*r(a) - 2*y(a). What is the units digit of z(b)?
5
Suppose -99620 = -23*n - 11*n. What is the tens digit of n?
3
Let q(i) be the second derivative of i**5/20 - i**4/12 + i**3/3 - 3*i**2/2 - 18*i. Suppose l + 4*l - 16 = -2*z, 5*z - 11 = 2*l. What is the units digit of q(l)?
5
Suppose -4*a = k + 83, 3*k + 2*k - 45 = 3*a. Let h = 30 + a. What is the units digit of h?
0
Suppose -2*i - 3 = -i. Let l be i/(-2) + 9/6. Let r = 5 - l. What is the units digit of r?
2
Suppose -p + 368 = 2*c + 18, 3*c - 525 = 5*p. Let s = c + 52. What is the tens digit of s?
2
Let j(h) be the first derivative of h**2/2 - 7*h + 7. Let g be j(3). Let i(b) = -2*b**3 - 5*b**2 - b - 2. What is the units digit of i(g)?
0
Let y(z) = 5*z - 5. Let b be (-3)/(3/(-2)) + 19. Let v = b + -15. What is the tens digit of y(v)?
2
Let c(g) = 27*g - 10. What is the hundreds digit of c(6)?
1
Let f(r) = -7*r + 3. Let g be f(7). Let k = g + 111. What is the tens digit of k?
6
Let v(q) = q**3 - 6*q**2 + 3*q - 7. Let j be v(6). Suppose 0 = -6*x + j*x - 555. What is the units digit of x?
1
Let b(c) = -c - 1. Let x(j) = j**2 - 4*j + 2. Let t be x(3). Let d be b(t). Suppose -3*z - 2*z + 50 = d. What is the tens digit of z?
1
Let a = -28 - -34. Suppose -s - 45 = -a*s. Suppose 11*g = s*g + 82. What is the units digit of g?
1
Suppose -5*i - 4*u = -2, 1 = -5*i + u + 13. Suppose -2*c - 10 = 0, -i*r + 4*c - 3*c = 45. Let g = -10 - r. What is the tens digit of g?
1
Suppose -3*d + 12*d = -117. Let k be -1 + 25 + (-2 - -1). Let h = k + d. What is the units digit of h?
0
What is the hundreds digit of 3 - (-2)/(14/7063)?
0
Suppose 4*j + 4 = -4, 0 = -2*t - 4*j + 14. Let u = 7 - t. Let a = u + 7. What is the units digit of a?
3
What is the thousands digit of 1691 + 4 + (-2 - -4 - 2)?
1
Let b(w) = w**2 + 20*w + 25. Let g be (-8 + 0)*(-27)/(-36). Let k(f) = -f**2 - 20*f - 26. Let o(r) = g*b(r) - 5*k(r). What is the units digit of o(-14)?
4
Let r(c) = c**3 - 9*c**2 + 14*c + 9. Let f be r(9). Let m = f - 44. What is the tens digit of m?
9
Let u be 9/(-3) - 2/(6/(-33)). Suppose -u*g = -188 - 100. What is the tens digit of g?
3
Suppose 28*d = 17*d + 3652. Suppose -9*a = -7*a - d. What is the tens digit of a?
6
Suppose -12 = -4*v - 76. What is the tens digit of (1/1)/(v/(-656))?
4
Let n = 8 + 19. Suppose 4*v + 45 = -n. What is the units digit of ((-3)/(-2))/((-27)/v)?
1
Suppose -85 = -2*c + 51. What is the tens digit of c?
6
Let f(t) = -2*t**2 - 5*t - 2. Suppose 2*i = -4*i - 24. Let d be f(i). What is the units digit of (-1520)/(-35) - 8/d?
4
Let l = -230 - -1257. What is the thousands digit of l?
1
Let l(y) = 7*y - 22. Let s = -50 + 57. What is the units digit of l(s)?
7
Let j(z) = z**2 - 6*z + 6. Let k(m) = 3*m**2 - 12*m + 13. Let y(x) = 10*j(x) - 4*k(x). Let l be y(-12). Let s = -83 - l. What is the units digit of s?
3
Let c(r) = r - 6. Let x be c(9). Let w be (-310)/6 - (-2)/x. Let k = -30 - w. What is the tens digit of k?
2
Let x = 7199 - 5066. What is the tens digit of x?
3
Let d = 64 - 106. Let w be (-18)/d + (-326)/(-7). Suppose -5*y + 127 = w. What is the tens digit of y?
1
Suppose 0 = -10*j - 5463 + 29023. What is the tens digit of j?
5
What is the tens digit of 127785/(-70)*2/(-3)?
1
What is the units digit of 6 - (-10 + 3 - 147)?
0
Let p(n) = n**2 + n + 2. Let j be p(0). Suppose 5*v = -3*o + 406, 2*v + 244 = j*o - 0*o. What is the units digit of o?
7
Let d = 396 - 294. What is the hundreds digit of d?
1
Suppose -3*n + 1423 = 766. What is the units digit of n?
9
Suppose 5*a = -3*c + 8*c - 14470, -8678 = -3*c + a. What is the units digit of c?
2
Let o(b) = -b + 1. Let m(y) = -3*y + 18. Let i(u) = -m(u) + 6*o(u). Let a be i(-5). Suppose 0 = q - a*q - 6, 0 = g + 3*q. What is the units digit of g?
9
Let u(v) = -175*v + 19. What is the units digit of u(-2)?
9
Let j(a) = a**3 - 12*a**2 - 15*a + 29. Let f be j(13). Let i = 7 - 5. Suppose c + f = i*c. What is the units digit of c?
3
Suppose -962 = -b + 4*y, -4*y - 4810 = 19*b - 24*b. What is the units digit of b?
2
What is the hundreds digit of ((-510)/(-50) 